the prime factors of o.
2, 3
Let z = 599 - 423. What are the prime factors of z?
2, 11
Suppose 3*o + o + 2*b = -2, 5*o = -4*b - 4. Suppose 5*h - 2*s - 46 = o, 4*h + 11 = -s + 40. List the prime factors of h.
2
Suppose -c = 2, -c = 4*s - 4*c + 30. Let b be s/6 + (-9)/6. What are the prime factors of (-4)/6*-3 - b?
5
Let k = 42 - -2. What are the prime factors of k?
2, 11
Let z(x) = -2*x - 6. Let d be z(-5). What are the prime factors of (-1)/(-2)*0 + d?
2
Suppose 2*n - 5*j - 72 = -n, j = -3*n + 54. List the prime factors of n.
19
Let t(a) = a**2 - 6*a + 3. Let d be t(6). Suppose -4*b = -d*f - 1, -2 - 7 = -b - f. Suppose -j + 3*g + 9 = 0, 2*j + 3*g - 23 = b. List the prime factors of j.
2, 3
Let w = 15 - 10. Suppose 0*b + 60 = w*b. Suppose 2*z = 6*z - b. List the prime factors of z.
3
Let m(o) = 2*o**2 - 3*o - 2. List the prime factors of m(4).
2, 3
Let y(u) = -u + 4. Let p be y(4). Suppose 5*t - 2*j = -18 + 174, -4*t - 5*j + 105 = p. Suppose -5*a + 2*a = -t. What are the prime factors of a?
2, 5
List the prime factors of (-99)/22*32/(-6).
2, 3
What are the prime factors of (-1 + 0 - 25)*(-2)/4?
13
Let g be (6 + -3 + 6)/1. Let i(x) = 6*x + 7. List the prime factors of i(g).
61
What are the prime factors of 0 - (-7 - -3) - -66?
2, 5, 7
Let u(g) be the second derivative of -g**5/20 + 5*g**4/12 + 4*g**3/3 - 7*g**2/2 - g. What are the prime factors of u(6)?
5
List the prime factors of -4 + 0 + -3 + 28.
3, 7
Let z be (-444)/(-30) - (-2)/10. Suppose -z = -2*t - 3*t. Suppose -c - 2*g + 20 = g, -4*g - 60 = -t*c. List the prime factors of c.
2, 5
Let u(w) = -6*w**3 + w**2 - 4*w - 5. List the prime factors of u(-2).
5, 11
Let n(f) = 8*f**2 - 8*f - 12. List the prime factors of n(5).
2, 37
Suppose -4*y = -0*y. Let t be (-60)/(-24) - (-2)/(-4)*-1. Suppose n - t*n + 20 = y. What are the prime factors of n?
2, 5
List the prime factors of (-8)/(-24)*(-2 + 39)*3.
37
Let c be ((-6)/(-5))/((-3)/15). Let o be (10/3)/((-2)/c). Let v = -1 + o. What are the prime factors of v?
3
Let z(q) = -q - 8. Let o be z(-11). Let h be (3 - o) + 33 + -1. Let j = h + -13. List the prime factors of j.
19
List the prime factors of (-20)/(-2 - -7) - -67.
3, 7
Suppose -5*t + 2*i = 9, 0 = -i - 4*i - 15. Let p(r) = -r**3 - 4*r**2 - 3*r + 4. List the prime factors of p(t).
2
Let b(a) = 12*a + 3. List the prime factors of b(3).
3, 13
Let i = -96 + 105. List the prime factors of i.
3
Suppose 0 = -5*f - l + 25, -2*f - l - 7 = -4*l. Let z be 28/8 + (-2)/f. Suppose q + 4 = -0*q + 3*x, -z*x = -9. List the prime factors of q.
5
Let s = 5 - 2. Suppose 0 = -7*c + 4*c + 3*m + 15, -s*c + m + 13 = 0. Suppose 0*i - 12 = -c*i, 0 = -4*f - i + 43. What are the prime factors of f?
2, 5
Let m = 75 + -38. List the prime factors of m.
37
Let l(x) = x**2 - 9*x - 11. List the prime factors of l(14).
59
Suppose -4*a + 351 = -205. List the prime factors of a.
139
Suppose 0 = -3*r - 0*r + 36. List the prime factors of r.
2, 3
Let r(g) = -12*g. What are the prime factors of r(-2)?
2, 3
Suppose 5*c + 4*v - 13 - 89 = 0, c - 4*v = 6. List the prime factors of c.
2, 3
Let b(i) = 60*i**2 + 4*i - 3. What are the prime factors of b(1)?
61
Let r = 115 + -91. What are the prime factors of r?
2, 3
Let l be (-8)/(-3) - (-8)/(-12). Suppose 0*c = -c. Suppose -2*z + 4 = 6, c = l*y + 4*z - 18. List the prime factors of y.
11
Suppose -4*j + 3*j + 42 = 0. What are the prime factors of (-2 - (1 - 1)) + j?
2, 5
Let f(n) = -n**2 - 7*n + 14. List the prime factors of f(-7).
2, 7
Let z(s) be the second derivative of 3*s**5/10 + s**4/12 - s**3/6 + s**2/2 + s. What are the prime factors of z(1)?
7
Let u(t) = -t**3 + 6*t**2 + 8*t - 1. Let s be u(7). Suppose 0 = -z + s*z - 90. List the prime factors of z.
2, 3
Let n = -82 - -153. List the prime factors of n.
71
What are the prime factors of (-45)/(-18)*16/10?
2
List the prime factors of -5*(-3)/(60/592).
2, 37
Let l = -12 + 8. Let j(s) = -17*s - 10. What are the prime factors of j(l)?
2, 29
Suppose -36*l + 39*l - 150 = 0. What are the prime factors of l?
2, 5
Let v be (-9)/6*(-448)/12. Suppose -4*c + 5*k + v = 0, 5*c - 61 = k + 3*k. Suppose -2*h + 23 = -c. List the prime factors of h.
2
Let l = -2 - 0. Let f be -1 + -4*1/l. Suppose -f = -4*p + 15. List the prime factors of p.
2
Let j(r) = 3*r**3 + 2*r**2 + 1 - 2*r**2 - 3*r**2. List the prime factors of j(2).
13
List the prime factors of 56/6*(-5 + 2)*-2.
2, 7
Suppose -4*h - h = -140. Suppose -5*s + h = -s. Let l(y) = y**3 - 8*y**2 + 10*y - 10. What are the prime factors of l(s)?
11
Let c be -1 + 4/(-2) - -6. Let z(f) = c*f + 3*f - 1 - f. What are the prime factors of z(1)?
2
Let g be 1/(-4) - 30/8. Suppose 3*c - 2 - 1 = 3*h, 2*c - 6 = -2*h. List the prime factors of (-1 - h*g)/1.
3
Suppose -5 = -2*w + 3*v, -5*v + 0 = -5*w + 15. Let r be -4 + 3 + (7 - -1). Suppose 36 = -w*s + r*s. What are the prime factors of s?
2, 3
Suppose -5*k - 5 = 0, -2*t = t - 2*k + 1. List the prime factors of t/(-4) + 118/8.
3, 5
Suppose -17 = 3*a - 4*d, -14 = -8*a + 4*a - 2*d. List the prime factors of a/(-4) - (-73)/4.
2, 3
Suppose -2*z = -0 - 2. Let u be z/(((-6)/(-9))/2). Let q = u - -3. What are the prime factors of q?
2, 3
Let n(k) = k + 4. Let t be n(-4). Suppose -2*j - 26 = -u + j, t = -4*j - 20. What are the prime factors of u?
11
Suppose 2*n - 4*h = -31 - 5, 20 = -5*n - 4*h. Let p(b) = b**3 - 6*b**2 - 5*b + 3. Let j be p(7). Let g = j + n. What are the prime factors of g?
3
Let d be ((-9)/(-6))/(1/2). Suppose d*s = 11 + 19. What are the prime factors of s?
2, 5
Let o(a) = a - 2. Suppose -5*n + 2*s = -4*n - 7, -4*s - 7 = 5*n. Let l be o(n). Let b = 11 + l. List the prime factors of b.
2, 5
Suppose 2*u - 2 - 4 = 0. Suppose 0 = 4*l - u*l - 31. Suppose 2*g + 4*r - l = r, g - 13 = -r. What are the prime factors of g?
2
Let o(s) = 2 - 3 + s**2 + 11*s**2. What are the prime factors of o(1)?
11
Let g be (-2)/1 - -1 - -11. Suppose -i + 2*t = i + g, 2*i = -t + 5. Suppose 3*o + o + 10 = -2*q, 2*q + 2*o + 2 = i. List the prime factors of q.
3
Let c = 0 + 1. What are the prime factors of (c - 2) + 7 - -1?
7
Suppose -z + 14 + 1 = 0. Suppose -4*x + 2*k + 18 = 0, -4*x + 2*x + 3*k + z = 0. List the prime factors of x.
3
Suppose 4*h - 228 = 412. What are the prime factors of h?
2, 5
Let w(n) be the first derivative of -n**5/60 + 5*n**4/24 - n**3/2 - n**2/2 + 2. Let a(y) be the second derivative of w(y). List the prime factors of a(3).
3
Let v = 8 + -11. Let r = v + 3. What are the prime factors of (r + -2)*6*-1?
2, 3
Suppose 5*o - 28 = 12. What are the prime factors of o?
2
Let k(f) = f**2 - 5*f. What are the prime factors of k(6)?
2, 3
Suppose -3*o - 3*a + 542 = 83, 147 = o + 3*a. List the prime factors of o.
2, 3, 13
Let l be 2/6 + (-35)/(-3). Suppose 0 = -3*j - l, 0 = -5*y - 3*j - 2*j. Suppose 4 = -y*k, -2*k + 7*k - 43 = -4*z. List the prime factors of z.
2, 3
Suppose -3*b + 2*b + 6 = 0. Let p(k) = 72 - k**3 - 76 + 6*k**2 + 2*k + 0*k**3. What are the prime factors of p(b)?
2
Let y(d) = d**3 - 10*d**2 + 11*d + 2. Let c be y(9). Suppose -c = 5*t - 160. What are the prime factors of t?
2, 7
Suppose 0 = 4*i - 8*i. Suppose 0*u + u - 2 = i. Suppose -16 = -3*p + u*c - 1, -1 = -p + 2*c. What are the prime factors of p?
7
Let n(h) = -2*h - 8. Let b be n(-12). Let a = 3 + b. Suppose -3*w + 55 - a = 0. List the prime factors of w.
2, 3
Let j(x) = x**3 + 6*x**2 + 4*x + 1. What are the prime factors of j(-5)?
2, 3
Let o(n) = n + 4. Let y(j) = -2*j - 8. Let u(i) = -5*o(i) - 3*y(i). What are the prime factors of u(9)?
13
Let r(v) = -2*v - 3. Let w be r(-4). Suppose w*i - 6*i = -12. What are the prime factors of i?
2, 3
Suppose -p + 0*p + 52 = 0. List the prime factors of p.
2, 13
Suppose 0 = -2*p + 12. Let u = p + 25. Suppose -u - 19 = -5*i. What are the prime factors of i?
2, 5
Let r(i) = i - 1. Let t(o) = -6*o - 7. Let x(y) = -3*r(y) - t(y). What are the prime factors of x(11)?
43
Let t be (18/5)/(4/110). Let w = t + -51. What are the prime factors of w?
2, 3
Let q(c) = c**2 - c + 2. Let k be q(-3). Let b = k + -5. Suppose -5*i = 2*h - 19, 3*i + 2*i - 3*h = b. List the prime factors of i.
3
Let s(r) = 3*r**2 - r + 1. Suppose -3*x - 4*d + 16 = 42, -4*x + 4*d = -12. Let j be s(x). Let t = j - 11. What are the prime factors of t?
2
Suppose -y = -z + 6, -2*z + 13 = -4*y + y. Let q